{"id":149,"date":"2024-09-04T12:37:19","date_gmt":"2024-09-04T12:37:19","guid":{"rendered":"https:\/\/loja.barracaamarela.com.br\/?post_type=product&#038;p=149"},"modified":"2025-05-21T14:23:41","modified_gmt":"2025-05-21T14:23:41","slug":"display-c-5-unidades-de-pe-de-moca-brigadeiro","status":"publish","type":"product","link":"https:\/\/loja.barracaamarela.com.br\/?product=display-c-5-unidades-de-pe-de-moca-brigadeiro","title":{"rendered":"1598 DISPLAY C\/ 5 UNIDADES DE P\u00c9 DE MO\u00c7A BRIGADEIRO"},"content":{"rendered":"<p>INGREDIENTES: Amendoim, leite condensado (leite integral, a\u00e7\u00facar, leite em p\u00f3 integral e lactose), a\u00e7\u00facar, margarina, confeito macio sabor chocolate (a\u00e7\u00facar, gordura vegetal hidrogenada, amido de milho (Bacillus thuringiensis e\/ou Streptomyces viridochromogenes e\/ou Agrobacterium tumefaciens e\/ou Zea mays e\/ou Bacillus thuringiensis kurstak e\/ou Bacillus thuringiensis aizawa\u00ed), cacau em p\u00f3, glicose em p\u00f3, sal, emulsificantes mono e diglicer\u00eddeo de \u00e1cidos graxos e lecitina de soja (Bacillus thuringiensis e\/ou Streptomyces viridochromogenes e\/ou Agrobacterium tumefaciens), umectante glicerol, espessante goma ar\u00e1bica e aromatizante id\u00eantico ao natural), xarope de glicose e cacau em p\u00f3.<br \/>\nAL\u00c9RGICOS: CONT\u00c9M AMENDOIM E DERIVADOS DE LEITE E SOJA. CONT\u00c9M LACTOSE. N\u00c3O<br \/>\nCONT\u00c9M GL\u00daTEN.<\/p>\n","protected":false},"excerpt":{"rendered":"<p>INGREDIENTES: Amendoim, leite condensado (leite integral, a\u00e7\u00facar, leite em p\u00f3 integral e lactose), a\u00e7\u00facar, margarina, confeito macio sabor chocolate (a\u00e7\u00facar, gordura vegetal hidrogenada, amido de milho (Bacillus thuringiensis e\/ou Streptomyces viridochromogenes e\/ou Agrobacterium tumefaciens e\/ou Zea mays e\/ou Bacillus thuringiensis kurstak e\/ou Bacillus thuringiensis aizawa\u00ed), cacau em p\u00f3, glicose em p\u00f3, sal, emulsificantes mono e [&hellip;]<\/p>\n","protected":false},"featured_media":150,"comment_status":"open","ping_status":"closed","template":"","meta":{"_monsterinsights_skip_tracking":false,"_monsterinsights_sitenote_active":false,"_monsterinsights_sitenote_note":"","_monsterinsights_sitenote_category":0},"product_brand":[],"product_cat":[23,20],"product_tag":[25],"class_list":{"0":"post-149","1":"product","2":"type-product","3":"status-publish","4":"has-post-thumbnail","6":"product_cat-linha-gourmet","7":"product_cat-pe-de-moca","8":"product_tag-pe-de-moca","10":"first","11":"instock","12":"shipping-taxable","13":"purchasable","14":"product-type-simple"},"_links":{"self":[{"href":"https:\/\/loja.barracaamarela.com.br\/index.php?rest_route=\/wp\/v2\/product\/149","targetHints":{"allow":["GET"]}}],"collection":[{"href":"https:\/\/loja.barracaamarela.com.br\/index.php?rest_route=\/wp\/v2\/product"}],"about":[{"href":"https:\/\/loja.barracaamarela.com.br\/index.php?rest_route=\/wp\/v2\/types\/product"}],"replies":[{"embeddable":true,"href":"https:\/\/loja.barracaamarela.com.br\/index.php?rest_route=%2Fwp%2Fv2%2Fcomments&post=149"}],"version-history":[{"count":0,"href":"https:\/\/loja.barracaamarela.com.br\/index.php?rest_route=\/wp\/v2\/product\/149\/revisions"}],"wp:featuredmedia":[{"embeddable":true,"href":"https:\/\/loja.barracaamarela.com.br\/index.php?rest_route=\/wp\/v2\/media\/150"}],"wp:attachment":[{"href":"https:\/\/loja.barracaamarela.com.br\/index.php?rest_route=%2Fwp%2Fv2%2Fmedia&parent=149"}],"wp:term":[{"taxonomy":"product_brand","embeddable":true,"href":"https:\/\/loja.barracaamarela.com.br\/index.php?rest_route=%2Fwp%2Fv2%2Fproduct_brand&post=149"},{"taxonomy":"product_cat","embeddable":true,"href":"https:\/\/loja.barracaamarela.com.br\/index.php?rest_route=%2Fwp%2Fv2%2Fproduct_cat&post=149"},{"taxonomy":"product_tag","embeddable":true,"href":"https:\/\/loja.barracaamarela.com.br\/index.php?rest_route=%2Fwp%2Fv2%2Fproduct_tag&post=149"}],"curies":[{"name":"wp","href":"https:\/\/api.w.org\/{rel}","templated":true}]}}