{"id":123,"date":"2024-09-03T20:32:34","date_gmt":"2024-09-03T20:32:34","guid":{"rendered":"https:\/\/loja.barracaamarela.com.br\/?post_type=product&#038;p=123"},"modified":"2025-05-21T14:24:55","modified_gmt":"2025-05-21T14:24:55","slug":"pacote-depe-de-moleque-leite-condensado-c-6-unidades","status":"publish","type":"product","link":"https:\/\/loja.barracaamarela.com.br\/?product=pacote-depe-de-moleque-leite-condensado-c-6-unidades","title":{"rendered":"2011 PACOTE DE P\u00c9 DE MOLEQUE LEITE CONDENSADO C\/ 6 UNIDADES"},"content":{"rendered":"<p>INGREDIENTES: Amendoim, a\u00e7\u00facar, leite condensado (leite integral, a\u00e7\u00facar, leite em p\u00f3 integral e lactose) e conservante sorbato de pot\u00e1ssio.<br \/>\nAL\u00c9RGICOS: CONT\u00c9M AMENDOIM E DERIVADOS DE LEITE. CONT\u00c9M LACTOSE. N\u00c3O CONT\u00c9M<br \/>\nGL\u00daTEN.<\/p>\n","protected":false},"excerpt":{"rendered":"<p>INGREDIENTES: Amendoim, a\u00e7\u00facar, leite condensado (leite integral, a\u00e7\u00facar, leite em p\u00f3 integral e lactose) e conservante sorbato de pot\u00e1ssio. AL\u00c9RGICOS: CONT\u00c9M AMENDOIM E DERIVADOS DE LEITE. CONT\u00c9M LACTOSE. N\u00c3O CONT\u00c9M GL\u00daTEN.<\/p>\n","protected":false},"featured_media":124,"comment_status":"open","ping_status":"closed","template":"","meta":{"_monsterinsights_skip_tracking":false,"_monsterinsights_sitenote_active":false,"_monsterinsights_sitenote_note":"","_monsterinsights_sitenote_category":0},"product_brand":[],"product_cat":[23,19],"product_tag":[24],"class_list":{"0":"post-123","1":"product","2":"type-product","3":"status-publish","4":"has-post-thumbnail","6":"product_cat-linha-gourmet","7":"product_cat-pe-de-moleque","8":"product_tag-pe-de-moleque","10":"first","11":"instock","12":"shipping-taxable","13":"purchasable","14":"product-type-simple"},"_links":{"self":[{"href":"https:\/\/loja.barracaamarela.com.br\/index.php?rest_route=\/wp\/v2\/product\/123","targetHints":{"allow":["GET"]}}],"collection":[{"href":"https:\/\/loja.barracaamarela.com.br\/index.php?rest_route=\/wp\/v2\/product"}],"about":[{"href":"https:\/\/loja.barracaamarela.com.br\/index.php?rest_route=\/wp\/v2\/types\/product"}],"replies":[{"embeddable":true,"href":"https:\/\/loja.barracaamarela.com.br\/index.php?rest_route=%2Fwp%2Fv2%2Fcomments&post=123"}],"version-history":[{"count":0,"href":"https:\/\/loja.barracaamarela.com.br\/index.php?rest_route=\/wp\/v2\/product\/123\/revisions"}],"wp:featuredmedia":[{"embeddable":true,"href":"https:\/\/loja.barracaamarela.com.br\/index.php?rest_route=\/wp\/v2\/media\/124"}],"wp:attachment":[{"href":"https:\/\/loja.barracaamarela.com.br\/index.php?rest_route=%2Fwp%2Fv2%2Fmedia&parent=123"}],"wp:term":[{"taxonomy":"product_brand","embeddable":true,"href":"https:\/\/loja.barracaamarela.com.br\/index.php?rest_route=%2Fwp%2Fv2%2Fproduct_brand&post=123"},{"taxonomy":"product_cat","embeddable":true,"href":"https:\/\/loja.barracaamarela.com.br\/index.php?rest_route=%2Fwp%2Fv2%2Fproduct_cat&post=123"},{"taxonomy":"product_tag","embeddable":true,"href":"https:\/\/loja.barracaamarela.com.br\/index.php?rest_route=%2Fwp%2Fv2%2Fproduct_tag&post=123"}],"curies":[{"name":"wp","href":"https:\/\/api.w.org\/{rel}","templated":true}]}}